3*n - 2, -3*h - 2*n = -4. Give j(h).
-7
Let p(r) = -r**2 - 6*r + 2. Let k be (-18)/45 + 34/10. Let h be 5/(4/(k - 7)). What is p(h)?
7
Let j(b) = -10*b + 1. Let p(k) be the second derivative of -k**5/20 - k**4/3 + 5*k**3/6 - k**2/2 + 8*k. Let h be p(-5). Determine j(h).
11
Let p(r) = 0 + 3*r**3 + 21*r**2 - 3*r - 18*r**2 - 1 - 2*r**3. Determine p(-4).
-5
Let u(p) be the third derivative of -p**5/60 - p**4/24 - p**3/6 + 2*p**2. What is u(0)?
-1
Let q(m) = -4*m**2 - m**3 + 11 - 4*m - 6 - 5. Determine q(-3).
3
Let i(t) = -t**2 + 5. Let q be i(0). Suppose -4*m + 16 = -4*l, 5*l - 16 = -q*m + m. Let r = m + -7. Let c(j) = 3*j + 4. What is c(r)?
-5
Let d(x) be the third derivative of x**5/60 - x**4/3 + x**3/2 - 20*x**2. Give d(5).
-12
Let i(f) be the second derivative of f**5/20 + f**4/2 - f**3/3 - 3*f**2 - 11*f. Give i(-6).
6
Suppose 4 + 2 = -2*l. Let b(r) = 2*r**2 + 3*r - 3. Let z be b(l). Let c(i) = -i**3 + 5*i**2 + 5*i + 4. Calculate c(z).
-2
Let d(i) = 2*i - 6. Let g(c) be the third derivative of -c**4/12 + c**3 + 6*c**2. Let y(o) = 5*d(o) + 6*g(o). Determine y(4).
-2
Let v be (-15)/(-10) + 28/(-8). Let g(s) = -2*s**2 - 4*s - 3. Calculate g(v).
-3
Let k(q) = 4*q**2 + 25*q - 29. Let p(g) = g**2 + 6*g - 7. Let v(y) = 2*k(y) - 9*p(y). Let x = 0 - -2. Let m = -6 + x. What is v(m)?
5
Suppose 5*q + 3*z = -15, -2*q - z - z = 10. Let h(i) = q*i - 3*i - 5*i**2 + 3*i. Suppose 3*c = 3*n, n + 2*n + 5*c = -8. Determine h(n).
-5
Let o(w) = -2*w. Suppose -19*r + 17 = -2*r. Give o(r).
-2
Let q(x) be the first derivative of -2*x**2 - 5. What is q(3)?
-12
Let s(h) = -h**3 + 2*h + 8. Let t(z) = -z + 1. Let g(l) = -s(l) - 3*t(l). What is g(0)?
-11
Let c(n) = n**2 - 2*n - 3. Let u be c(-2). Let a(z) = -3*z + 7. Calculate a(u).
-8
Suppose -5*s + 0 = -20, 5*j = -4*s + 31. Suppose j*t - 20 = 7*t. Let k(r) = -11*r - 7. Let x(i) = 5*i + 4. Let o(a) = 4*k(a) + 9*x(a). Calculate o(t).
3
Let y = 3 - 6. Suppose -w + 4*w = 5*f - 11, 3*f + 5 = -4*w. Let z(p) = -f + 2*p + 0 + 5. Calculate z(y).
-2
Let m(u) = -u - 2. Let g be m(0). Let v(x) = 3*x**3 + 2*x**2 + 2*x - 4. Let h(n) = -4*n**3 - 2*n**2 - 3*n + 5. Let o(c) = 2*h(c) + 3*v(c). What is o(g)?
-2
Suppose -2*d + 29 = -5*c, d = 5*d - c - 31. Let h(i) = i. Determine h(d).
7
Let s(n) = -4*n**2 + 8. Let f(l) = l**2 + l - 1. Let p(y) = 3*f(y) + s(y). Determine p(4).
1
Let q = 0 + 8. Suppose q = o + o. Suppose -5*z - i + 6*i - 10 = 0, z + o*i = 3. Let l(s) = -10*s**3 - 2*s**2 + 1. Calculate l(z).
9
Let q(c) be the first derivative of -c**4/24 - 5*c**3/6 + 5*c**2/2 - 2. Let k(u) be the second derivative of q(u). Determine k(-4).
-1
Let n(t) be the second derivative of -t**6/360 + 7*t**4/12 - t**3/2 + 9*t. Let o(m) be the second derivative of n(m). What is o(0)?
14
Let c(u) = 2*u - 7. Let g(y) = 1. Let k(v) = c(v) + 6*g(v). Suppose f - 11 = -4*o - o, 3*f - 4*o + 5 = 0. What is k(f)?
1
Let i(l) = l**2 + 5*l + 3. Let u be 6/4*40/15. Suppose 2*r - r = -u. Give i(r).
-1
Let d be -7 - -2*-2*(-4)/16. Let g(x) = x**2 + x - 2. Let f be g(-2). Let u be f - 2 - (d + -1). Let s(k) = -k**2 + 4*k - 1. Determine s(u).
-6
Let g(b) = 27*b**3 + b + 6*b**2 - 16*b**3 - 10*b**3 + 6. Let n = 1 - 7. Give g(n).
0
Let w(a) = -6*a**2 + a. Suppose -23 = -5*h - z, -3*h - 2*z + 6 = -h. Suppose -3*i + 4 = -h. Suppose -5*n + 8 = i. Determine w(n).
-5
Let l(d) = 3 - 8 - d + 6. Give l(0).
1
Let b(g) = -g - 7. Let d be (-25)/20*(4 + 0). Calculate b(d).
-2
Let f = 6 + -4. Suppose f*m - 4 - 6 = 0. Suppose 0 = b + 3*b + 4*k - 4, b - 3*k = m. Let r(y) = -y + 1. Give r(b).
-1
Let k(y) = -y - 4. Let h be -1*2*3/(-3). Let a = h + -2. Suppose -5*g - 5*x = -20, 5*g + a*x - x = 14. Determine k(g).
-7
Let t(x) = -x + 11. Let h(s) = s - 7 - 10 + 5. Let o(u) = -6*h(u) - 7*t(u). Give o(0).
-5
Let y(p) = 11*p + 50 - 29 - p + 10*p**2 + p**3 - 17. Calculate y(-9).
-5
Let h(s) = -2*s**2 + 2*s**2 - s**2 + 3*s. Suppose 9 = -d - 4*a, 4*a = 2*d + 5*a - 3. What is h(d)?
0
Let h(f) = -107 + 107 + f. Let k(q) = q. Let l be k(-2). Determine h(l).
-2
Suppose -3*n + 21 = -0*n. Suppose 3*q + 2*k + 8 = -6, 0 = 3*q - 5*k + n. Let h(r) = 2*r**2 + 6*r. Calculate h(q).
8
Let k(c) = 0*c**2 + c + 0*c**2 + 4 + c**3 + 3*c**2. Suppose 4*w = 3*h + 36, 3*h = 5*w + h - 45. Let z = w + -12. Determine k(z).
1
Let v(z) be the third derivative of -z**8/20160 - z**7/1260 + z**5/12 - 4*z**2. Let b(k) be the third derivative of v(k). Calculate b(-5).
-5
Let i(u) = u + 6. Suppose -2*q + 2*j = 12, -j - 46 + 16 = 5*q. Calculate i(q).
0
Suppose 6*v - v = 75. Suppose 3*s - 6*s - v = 0. Let f(d) = d + 4. Calculate f(s).
-1
Let u(f) be the first derivative of 11*f**2/2 + f - 9. Calculate u(1).
12
Let m(s) = s**2 + 4*s - 7. Let y = 23 + -29. Calculate m(y).
5
Suppose 15 = 3*q, a - 5*q = -a - 21. Let f(m) = 3*m**3 - 3*m**2 - m + 2. Give f(a).
12
Suppose -18 = 45*z - 42*z. Let y(w) = -w - 2. Calculate y(z).
4
Let r(w) = -9*w**2 + 11*w + 13. Let y(x) = -4*x**2 + 5*x + 6. Let q(h) = -6*r(h) + 13*y(h). Determine q(-3).
21
Let j(q) = -q**3 + 4*q**2 + 5*q + 2. Let h be 65/9 + (-8)/36. Suppose -5*k = -18 - h. Give j(k).
2
Let p(t) = -t**3 + 5*t**2 + 4. Let u(f) = f**3 + 5*f**2 + 5. Let l be u(-5). Let j be p(l). Let q(g) = 2*g**2 - 7 + g**2 - 5*g + 0*g**2 - j*g**2. Give q(-5).
-7
Let d(w) be the third derivative of -w**4/24 + w**3/3 - 3*w**2. Let v(m) = -m**2 + 4*m. Suppose 0 = -2*b + 6 - 0. Let n be v(b). What is d(n)?
-1
Let s(c) = -c**2 + 6*c. Let l be s(6). Let m(p) = -p + 5. What is m(l)?
5
Let f(a) = -2*a**2 - a + 1. Let b(d) = d**2. Let k(u) = -7*b(u) - 4*f(u). Give k(-5).
1
Let d(i) = -i**3 + 2*i**2 - 3*i + 1. Suppose 4*v - 2*v = 16. Let o be (2/(-4))/((-2)/v). What is d(o)?
-5
Let l be (-2)/(3 + 2/(-2)). Let x(j) be the third derivative of -2*j**5/15 + j**4/24 + j**3/6 - 12*j**2. Determine x(l).
-8
Let y(s) = s**2 + 5*s + 5. Let w be y(-5). Suppose 0*d + 12 = -4*d - w*l, -d + l - 3 = 0. Let k be (2/(-6))/(d/9). Let n(o) = 4*o**3. Determine n(k).
4
Let m(j) = -5*j**3 + 2*j**2 - 10*j - 3. Let i(u) = u + u**2 + 8*u**3 - 7*u**3 + 0*u - 2*u**2. Let q(b) = 6*i(b) + m(b). Determine q(5).
2
Let j be (-4)/10 - (266/35 - 9). Let h(l) = 20*l**2 + 2*l - 1. Calculate h(j).
21
Suppose 3*g = -2*g - 20. Let x be g/10 + 14/10. Let b(l) = 0 + 4*l + 0. Give b(x).
4
Let d(w) = -3*w**3 - 8*w**2 + 14*w - 8. Let m(p) = p**3 + 3*p**2 - 5*p + 3. Let t(b) = -3*d(b) - 8*m(b). Calculate t(-2).
-4
Let y(b) = 4*b**3 - b**2 - 2*b + 11. Let z(a) = 7*a**3 - 2*a**2 - 3*a + 23. Let w(f) = 5*y(f) - 3*z(f). Give w(0).
-14
Suppose 0*s = -s - 10. Let g(o) = -o**2 - 11*o - 14. Calculate g(s).
-4
Suppose -5*r = -u + 16, 0 = 4*u - 5*u - 2*r - 12. Let i(c) = c**2 + 6*c + 3. Calculate i(u).
-5
Let v(c) = c**2 - 3*c - 5. Let y = 13 + -10. Suppose 3*i + i = -3*x + 31, -y*i + 4*x = 8. Calculate v(i).
-1
Let g = 0 + 4. Let o(q) = q**2 - 2*q**3 - 3*q**2 + g*q**3 + 2*q - 3*q - 1. Determine o(2).
5
Suppose 0 = 5*a - 78 + 88. Let i(w) be the first derivative of w**4/4 + 2*w**3/3 + 3*w**2/2 + w - 1. Calculate i(a).
-5
Let q(s) be the third derivative of -s**4/24 - 11*s**2. Suppose 2*d = -d + 9. Give q(d).
-3
Let g(m) = -m**2 + 4*m + 3. Let i(p) = -p**2 - 10*p - 16. Let f be i(-7). Calculate g(f).
-2
Let k(d) = 11*d**3 - 10*d**2 + 11*d - 5. Let u(p) = -2*p**3 + p**2 - p + 1. Let v(o) = k(o) + 6*u(o). Calculate v(-5).
1
Let h(p) be the first derivative of 3*p**2 + 7*p + 2 + 1/3*p**3. Determine h(-6).
7
Let w(t) = 27*t**2 + t - 1. Suppose 3*b - z + 4*z = 12, 0 = -5*b + 4*z - 7. Determine w(b).
27
Let r = 0 - -2. Suppose -2*f + r = -f. Let l be (f*2)/(-4 + 3). Let n(b) = -b - 2. What is n(l)?
2
Let i(d) = -10*d - 1. Suppose 0 = -5*s + 6 - 1. Let b = s + -2. Give i(b).
9
Let d(m) be the third derivative of m**8/6720 + m**7/504 - m**6/360 - m**5/30 + m**4/12 + 2*m**2. Let n(z) be the second derivative of d(z). Calculate n(-5).
6
Let d(g) = g + 1. Suppose -5*j + 20 = -4*x - 3*j, -2*j = 0. What is d(x)?
-4
Let u(s) be the first derivative of -s**5/20 - 5*s**4/12 + 5*s**3/6 - 5*s**2/2 - s - 3. Let t(f) be the first derivative of u(f). Calculate t(-6).
1
Suppose 5*m + 19 = 3*t - 0*m, -5*t = -4*m - 10. Let w be (-6)/(-5 - -2) - 1. Let b(v) = -w + 2*v**2 - 3 + 4. What is b(t)?
8
Let q(t) = -t. Let d(v) = 4*v - 1. Let w(b) = -d(b) - 3*q(b). What is w(3)?
-2
Let x(p) = -p**3 - p**2